the prime factors of p.
3
List the prime factors of (2/8)/((-1)/(-316)).
79
Suppose g - j + 20 = 0, 0 = 2*g - 3*j + 6 + 31. Let v = 48 + g. List the prime factors of v.
5
Let b(y) = y**2 + 3*y + 15. List the prime factors of b(-9).
3, 23
Let t(i) = i**3 - 13*i**2 - 11*i + 12. List the prime factors of t(14).
2, 3
Let h(c) = -14*c**3 - 5*c**2 - 11*c - 4. List the prime factors of h(-3).
2, 181
Suppose -356 = -3*n + 136. List the prime factors of n.
2, 41
Let n(y) = 3*y**2 + 5*y - 4. List the prime factors of n(4).
2
Let a(p) = 12*p**2 - p - 8. What are the prime factors of a(-4)?
2, 47
Suppose 4*v + 5*u - 4*u + 9 = 0, v = 5*u + 24. List the prime factors of 3 + -3 - 16/v.
2
Suppose 3*u = 5*u - 4. Let v(y) = -y**2 + 3*y + 1. Let c be v(u). Suppose -2*f + 25 = c*f. List the prime factors of f.
5
Let n = 38 + -5. List the prime factors of n.
3, 11
Let v(r) = 3*r**2 - 4*r - 1. Let n be v(3). Suppose l - 49 = -n. List the prime factors of l.
5, 7
Let k = 0 + 4. Suppose 0 = q - 2*q + k. Suppose 0*l - q*l - 3*p + 17 = 0, 3*p + 18 = 3*l. What are the prime factors of l?
5
Let n(s) = s**3 - 6*s**2 - 5*s + 10. Let l be n(7). Let h(p) = 4*p**3 - p**2 - 2*p - 1. Let z be h(-1). List the prime factors of z/(-10) + l/15.
2
Suppose 12 + 3 = -5*q. Let l = 1 + q. List the prime factors of (1/(-3))/(l/138).
23
What are the prime factors of ((-2)/3)/((-14)/609)?
29
Let b = 372 - 93. What are the prime factors of b?
3, 31
Suppose 9*i - i - 1608 = 0. What are the prime factors of i?
3, 67
Suppose j = -i + 116, -3*i + 0*j + 358 = j. List the prime factors of i.
11
Let u(h) = 1 + h**2 + 0 - 2. Let j be u(-1). Let k = 5 - j. List the prime factors of k.
5
Suppose r - 12 = 3*r. Let p(d) = -d**2 - 9*d - 3. What are the prime factors of p(r)?
3, 5
Let m(k) = -k**3 + 5*k**2 + 7*k - 1. Let w be m(5). Suppose -4*u = -r + 23, r - 4*r = -5*u - w. What are the prime factors of (-3)/(r/4)*-1?
2
Let i be (-4)/(-2)*(-30)/4. What are the prime factors of (-2)/((24/i)/4)?
5
Let v(s) = -s**2 + 8*s - 1. Let o(q) = q**2 - 7*q. Let k(c) = -3*o(c) - 2*v(c). Let m be k(5). List the prime factors of 595/28 + m/(-8).
3, 7
Let q = 3 + 2. Suppose -w = -q*w. Suppose 0 = -w*f - f + 11. List the prime factors of f.
11
List the prime factors of (-1 + -29)*42/(-15).
2, 3, 7
Suppose -4*v + 182 = -94. What are the prime factors of v?
3, 23
Suppose 3*l + 1 = -3*t + 4, 5*t - 3*l = 13. Suppose 3*a = -5*p + 40, -t*a + 6*p + 35 = p. Let h = a - 9. List the prime factors of h.
2, 3
List the prime factors of (-475)/10*8/(-10).
2, 19
Let g be (-17)/(-4) + (-9)/(-12). Suppose 0*k = g*k - 85. What are the prime factors of k?
17
Suppose -5*j = -2*j - 2*v - 6, 0 = 2*j + 2*v - 14. Suppose -3*o - 2*o - 90 = -5*f, -54 = -j*f - 2*o. List the prime factors of f.
3, 5
Let v(g) be the first derivative of 9*g**2 - 2. Let m be v(1). List the prime factors of 94/m - (-2)/(-9).
5
Suppose 16 = -d + 5*d - 2*u, 3*u = -d + 4. Let x = d - 6. What are the prime factors of (x/(-3))/(10/135)?
3
Let r = -1 + 1. Suppose w - 2 = -r*w. Suppose w*p - 3*s = 15, -6*s + s = p + 12. List the prime factors of p.
3
Let r(v) be the third derivative of -2*v**2 + 0*v - 1/24*v**4 + 1/6*v**3 + 0. List the prime factors of r(-5).
2, 3
Let u(l) = -9*l**3 + l**2 - 2. Let p be u(-2). What are the prime factors of (1 + p)/3 + -1?
2, 3
Let z(p) = 5*p + 0 - 11 - 4*p. Let i be z(7). Let g = -1 - i. List the prime factors of g.
3
Suppose 10*b + 3*b - 1066 = 0. List the prime factors of b.
2, 41
Let k be 1 - 0 - (3 - 1). Let r(b) be the third derivative of -7*b**6/120 - b**5/60 - b**4/24 + 6*b**2. What are the prime factors of r(k)?
7
Let z(c) = -14 + c**2 + 10*c + 2*c - 2*c**2. What are the prime factors of z(10)?
2, 3
Suppose 0 = 5*m + 13 - 38. Suppose -60 = -m*d + d. List the prime factors of d.
3, 5
Suppose -3*c + 44 = 2*g + 112, 88 = -5*c + 3*g. Let b = 29 + c. List the prime factors of (6/(-5))/(b/(-60)).
2
Suppose -2*f - 4 - 4 = -3*g, 0 = 3*f + g - 10. Suppose 0 = -3*i - f*i + 65. List the prime factors of i.
13
Suppose -4*f + 5*f = 232. Suppose 3*b - f = 7*b. List the prime factors of b/(-6) - (-10)/(-15).
3
Suppose 2*m = m + 101. List the prime factors of m.
101
Suppose 0*q - 2*q + 5*r = -146, -75 = -q + 3*r. List the prime factors of q.
3, 7
Suppose 0 = 4*p - 2*p + j - 349, 689 = 4*p + 5*j. List the prime factors of p.
2, 11
Let j be (4 - 2)*(3 - 1). Suppose j*q = -5*o + 42, -2*q + 0*q + 12 = -2*o. Suppose -q*n + 4*n = -12. List the prime factors of n.
3
Let w(g) = 6*g - 2*g + 0*g. List the prime factors of w(6).
2, 3
Suppose j = -3*j + 44. Suppose -4*d + 3*d = -2. Suppose -j = x - d*x. What are the prime factors of x?
11
Suppose 4*y = -0*y + 4. Suppose 3*s - q = 11, -2*q - y = -3. Suppose s*a - 8 = 20. List the prime factors of a.
7
Suppose 3*r - 5*n = 223, 3*n + 9 = 3*r - 222. List the prime factors of r.
3
Let s(r) = -5*r + 14. Let h(k) = -4*k + 14. Let q(j) = 4*h(j) - 3*s(j). Let w be q(0). List the prime factors of -3 + 6 + w + 1.
2, 3
Let l = 13 + -9. Suppose -d + 10 = l*d. Suppose 0*y = 2*n + d*y - 18, 5*n - 39 = -3*y. What are the prime factors of n?
2, 3
Let k = 211 + -123. Suppose 0 = 3*s - 5*x - k, -16 = -s - 0*x - x. What are the prime factors of s?
3, 7
Let s(q) = -q**3 + 8*q**2 - 8*q - 6. Suppose a - y - 6 = 0, a - 3*y + 12 = 3*a. Let f be s(a). Suppose -o - 6 = -f. List the prime factors of o.
2, 3
Let g(h) = 23*h**2 + 1. List the prime factors of g(-1).
2, 3
Suppose 4*y + 3*p = -23 + 2, 3*y + 23 = 5*p. Let r = 0 + y. List the prime factors of (9/(-2))/(3/r).
3
Let h(l) = l**2 - 2. Let y be 46/(-10) + 4/(-10). List the prime factors of h(y).
23
Let i = 16 - -3. Suppose 3*x = -3*m + 29 + i, -4*x - m + 67 = 0. What are the prime factors of x?
17
Let p(h) = 20*h - 54. List the prime factors of p(18).
2, 3, 17
Suppose 0 = c + 4*c - 20. Suppose 5*a = -y - 4*y + 40, 12 = c*a. What are the prime factors of y?
5
Suppose -3*v - 2*v = -35. What are the prime factors of v?
7
Suppose 5*t + 3*y = -445, 435 = -2*t - 3*t - y. What are the prime factors of 2/5 + t/(-10)?
3
Let n(h) = h**3 - 4*h**2 + 9*h - 5. What are the prime factors of n(4)?
31
Suppose -3*q + 6*q + 3 = 0. Let p be q - (2 + (-1 - -2)). List the prime factors of 84/22 + p/(-22).
2
Let y = 49 + -17. List the prime factors of y.
2
Let f be -1 + 1*(3 + 0). Suppose 3*c - 2*r - 49 = 28, -c = -f*r - 27. What are the prime factors of c?
5
Suppose 0*g = g. Suppose -3*x + 6*x - 27 = g. List the prime factors of x.
3
Suppose 11 = 4*h - 13. Suppose -5*v - 12 = g, -2*g = -h*g + 3*v + 21. List the prime factors of g.
3
Suppose 4*t + 1 = -15. Let i = 1 - t. List the prime factors of i.
5
Suppose -4*t + 75 = t + 5*l, -l = 2*t - 25. Let q(x) be the first derivative of x**3/3 - 5*x**2 + 3*x + 2. List the prime factors of q(t).
3
Let b = -32 - -41. What are the prime factors of b?
3
Let g(q) be the second derivative of q**4/3 - q**3/2 + q**2 - q. Let a be g(3). Suppose -3*z + 2*x + a = 0, 2*z + 2*x - 2 = 4. List the prime factors of z.
7
Suppose -3*o = 4*i - 6, -3*o + 14 = -4*o + 4*i. List the prime factors of (60/8)/((-1)/o).
3, 5
Suppose -5*d + 17 = l + l, 2*l = d + 11. Let r(m) = -l + 14*m - m**2 + 0*m**2 + 0. What are the prime factors of r(12)?
2, 3
Let t be ((-4)/(-10))/((-5)/(-25)). Suppose t*o - 34 = -4. What are the prime factors of o?
3, 5
Let b be 2/3*-2*-9. Let u = 21 - b. List the prime factors of u.
3
List the prime factors of (38 - (-2 - 1))*1.
41
Let o(h) be the first derivative of -h**3/2 - h**2/2 + 2*h - 3. Let z(s) be the first derivative of o(s). What are the prime factors of z(-5)?
2, 7
What are the prime factors of 294*((-9)/3)/(-9)?
2, 7
Suppose 0 = -3*f + f + 52. Let r = 43 - f. What are the prime factors of r?
17
Let g = 10 + -7. Suppose -3*l + 0*l = 3*u - 51, g*l = 3*u - 21. List the prime factors of u.
2, 3
Let s = 56 + -35. List the prime factors of s.
3, 7
Let n(l) = -l - 12. Let u be n(0). Let q be 4*(-1 + (-21)/u). Suppose -q = 4*p - 15. What are the prime factors of p?
3
Suppose n + o = 6*n + 5, -o + 3 = -3*n. Let q = 13 + n. List the prime factors of q.
2, 3
Let z(x) = -1 - 3*x - 10*x**3 + 4*x**3 + 4*x**3 - x**3 - 4*x**2. Let y = -4 + 2. List the prime factors of z(y).
13
Suppose -z = -6*z - 25. Let x be -3*((-10)/(-3))/z. Suppose f + 18 = x*j - 0*f, -42 = -5